{"id":51,"date":"2015-12-29T11:15:42","date_gmt":"2015-12-29T10:15:42","guid":{"rendered":"http:\/\/docblume.de\/?page_id=51"},"modified":"2025-11-06T08:56:28","modified_gmt":"2025-11-06T07:56:28","slug":"links","status":"publish","type":"page","link":"https:\/\/docblume.de\/?page_id=51","title":{"rendered":"Links"},"content":{"rendered":"<p>Interessante Seiten:<\/p>\n<p><a href=\"http:\/\/www.zahnaerzte-hh.de\">Zahn\u00e4rzte Hamburg<\/a><\/p>\n<p><a href=\"http:\/\/www.patientenberatung.de\/\"> unabh\u00e4ngige Patientenberatung<\/a><\/p>\n<p><a href=\"http:\/\/www.dgzmk.de\/patienten\/patienteninformationen.html\">Patienteninformationen der Deutsche Gesellschaft f\u00fcr Zahn-, Mund- und Kieferheilkunde<\/a><\/p>\n<p><a href=\"http:\/\/www.Kostenfalle-Zahn.de\">kostenfalle-zahn.de von der Verbraucherzentrale<\/a><\/p>\n<hr \/>\n<p>Partner-Praxen<\/p>\n<p>KieferChirurgie: Dres. K<a href=\"http:\/\/www.konter-kanehl.de\/\">onter &#8211; Kane<\/a><\/p>\n<hr \/>\n<p align=\"JUSTIFY\">\n<p align=\"JUSTIFY\">Glaserarbeiten:\u00a0<a href=\"http:\/\/www.glaswerkstatt.de\/\"><b>Glaswerkstatt K\u00f6rner .de<\/b><\/a><\/p>\n<p align=\"JUSTIFY\">Tischlerarbeiten: <a href=\"http:\/\/www.pietzschke-schulz.de\/\"><span style=\"color: #b7b7b7;\"><span style=\"font-family: Verdana, Geneva, Helvetica, Arial, sans-serif;\"><span style=\"font-size: small;\"><b>Pietzschke &amp; Schulz<\/b><\/span><\/span><\/span><\/a><\/p>\n<hr \/>\n<p align=\"JUSTIFY\"><span style=\"color: #ff5555;\"><span style=\"font-family: Verdana, Geneva, Helvetica, Arial, sans-serif;\"><span style=\"font-size: small;\">Ich m\u00f6chte ausdr\u00fccklich darauf hinweisen, dass ich keinerlei Einflu\u00df auf die Gestaltung und die Inhalte der hier verlinkten Seiten habe. Deshalb distanzieren ich mich hiermit ausdr\u00fccklich von allen Inhalten aller verlinkten Seiten auf dieser gesamten Website inkl. alle Unterseiten. Diese Erkl\u00e4rung gilt f\u00fcr alle auf unserer Homepage ausgebrachten Links und f\u00fcr alle Inhalte der Seiten, zu denen Links oder Banner f\u00fchren.<\/span><\/span><\/span><\/p>\n","protected":false},"excerpt":{"rendered":"<p class=\"excerpt\">Interessante Seiten: Zahn\u00e4rzte Hamburg unabh\u00e4ngige Patientenberatung Patienteninformationen der Deutsche Gesellschaft f\u00fcr Zahn-, Mund- und Kieferheilkunde kostenfalle-zahn.de von der Verbraucherzentrale Partner-Praxen KieferChirurgie: Dres. Konter &#8211; Kane Glaserarbeiten:\u00a0Glaswerkstatt K\u00f6rner .de Tischlerarbeiten: Pietzschke &amp; Schulz Ich m\u00f6chte ausdr\u00fccklich darauf hinweisen, dass ich keinerlei Einflu\u00df auf die Gestaltung und die Inhalte der hier verlinkten Seiten habe. Deshalb distanzieren ich mich hiermit ausdr\u00fccklich von allen&hellip;<\/p>\n<p class=\"more-link-p\"><a class=\"btn btn-default\" href=\"https:\/\/docblume.de\/?page_id=51\">Read more<\/a><\/p>\n","protected":false},"author":1,"featured_media":0,"parent":0,"menu_order":0,"comment_status":"closed","ping_status":"closed","template":"","meta":{"footnotes":""},"class_list":["post-51","page","type-page","status-publish","hentry"],"_links":{"self":[{"href":"https:\/\/docblume.de\/index.php?rest_route=\/wp\/v2\/pages\/51","targetHints":{"allow":["GET"]}}],"collection":[{"href":"https:\/\/docblume.de\/index.php?rest_route=\/wp\/v2\/pages"}],"about":[{"href":"https:\/\/docblume.de\/index.php?rest_route=\/wp\/v2\/types\/page"}],"author":[{"embeddable":true,"href":"https:\/\/docblume.de\/index.php?rest_route=\/wp\/v2\/users\/1"}],"replies":[{"embeddable":true,"href":"https:\/\/docblume.de\/index.php?rest_route=%2Fwp%2Fv2%2Fcomments&post=51"}],"version-history":[{"count":13,"href":"https:\/\/docblume.de\/index.php?rest_route=\/wp\/v2\/pages\/51\/revisions"}],"predecessor-version":[{"id":551,"href":"https:\/\/docblume.de\/index.php?rest_route=\/wp\/v2\/pages\/51\/revisions\/551"}],"wp:attachment":[{"href":"https:\/\/docblume.de\/index.php?rest_route=%2Fwp%2Fv2%2Fmedia&parent=51"}],"curies":[{"name":"wp","href":"https:\/\/api.w.org\/{rel}","templated":true}]}}