{"id":6,"date":"2015-12-28T21:12:51","date_gmt":"2015-12-28T20:12:51","guid":{"rendered":"http:\/\/docblume.de\/?page_id=6"},"modified":"2025-11-29T19:39:19","modified_gmt":"2025-11-29T18:39:19","slug":"praxisoeffungszeiten","status":"publish","type":"page","link":"https:\/\/docblume.de\/?page_id=6","title":{"rendered":"\u00d6ffnungszeiten"},"content":{"rendered":"\n<p><\/p>\n\n\n<p style=\"text-align: center;\"><span style=\"font-family: Verdana, sans-serif;\"><span style=\"font-size: 300%;\"><strong>Mo<\/strong> \u00a09-13\u00a0 14-18<\/span><\/span><\/p>\n<p style=\"text-align: center;\"><span style=\"font-family: Verdana, sans-serif;\"><span style=\"font-size: 300%;\"><strong>Di<\/strong> \u00a0 9-13 \u00a014-18<\/span><\/span><\/p>\n<p style=\"text-align: center;\"><span style=\"font-size: 300%;\"><span style=\"font-family: Verdana,sans-serif;\"><b>Mi<\/b> n. Vereinbarung<\/span><\/span><\/p>\n<p style=\"text-align: center;\"><span style=\"font-family: Verdana, sans-serif;\"><span style=\"font-size: 300%;\"><strong>Do<\/strong> \u00a09-13 \u00a014-18<\/span><\/span><\/p>\n<p style=\"text-align: center;\"><span style=\"font-family: Verdana, sans-serif;\"><span style=\"font-size: 300%;\"><strong>\u00a0 Fr\u00a0 <\/strong>n. Vereinbarung\u00a0 \u00a0<\/span><\/span><\/p>\n<hr \/>\n<p style=\"text-align: center;\"><strong><span style=\"font-family: Verdana, sans-serif;\">\u00a0 \u00a0 \u00a0 \u00a0 \u00a0 \u00a0 \u00a0 \u00a0 \u00a0 \u00a0 \u00a0 \u00a0 \u00a0 \u00a0<\/span><\/strong><\/p>\n<h2 style=\"text-align: center;\"><em><strong>Bitte melden Sie Sich vorher telefonisch an, damit wir gen\u00fcgend Zeit f\u00fcr Ihre Z\u00e4hne reservieren:<\/strong><\/em><\/h2>\n<h1 style=\"text-align: center;\"><strong>Tel:<\/strong> \u00a0<strong>+49 40 343673<\/strong><\/h1>\n<hr \/>\n<p style=\"text-align: center;\"><strong><span style=\"color: #ff0055;\"><span style=\"font-family: Verdana, Geneva, Helvetica, Arial, sans-serif;\"><span style=\"font-size: x-large;\">Au\u00dferhalb unserer Sprechzeiten wenden Sie sich bitte an den Notdienst der KZV- Hamburg<\/span><\/span><\/span><\/strong><\/p>\n<p style=\"text-align: center;\"><strong><a href=\"http:\/\/www.zahnaerzte-hh.de\/notdienst.html\"><span style=\"color: #b7b7b7;\"><span style=\"font-family: Verdana, Geneva, Helvetica, Arial, sans-serif;\"><span style=\"font-size: small;\">Zahn\u00e4rztlichen Notdienst!<\/span><\/span><\/span><\/a><\/strong><\/p>\n<p style=\"text-align: center;\"><strong><span style=\"color: #ff0055;\"><span style=\"font-family: Verdana, Geneva, Helvetica, Arial, sans-serif;\"><span style=\"font-size: x-large;\">Tel. 01805 050518<\/span><\/span><\/span><\/strong><\/p>","protected":false},"excerpt":{"rendered":"<p class=\"excerpt\">Mo \u00a09-13\u00a0 14-18 Di \u00a0 9-13 \u00a014-18 Mi n. Vereinbarung Do \u00a09-13 \u00a014-18 \u00a0 Fr\u00a0 n. Vereinbarung\u00a0 \u00a0 \u00a0 \u00a0 \u00a0 \u00a0 \u00a0 \u00a0 \u00a0 \u00a0 \u00a0 \u00a0 \u00a0 \u00a0 \u00a0 \u00a0 Bitte melden Sie Sich vorher telefonisch an, damit wir gen\u00fcgend Zeit f\u00fcr Ihre Z\u00e4hne reservieren: Tel: \u00a0+49 40 343673 Au\u00dferhalb unserer Sprechzeiten wenden Sie sich bitte an den&hellip;<\/p>\n<p class=\"more-link-p\"><a class=\"btn btn-default\" href=\"https:\/\/docblume.de\/?page_id=6\">Read more<\/a><\/p>\n","protected":false},"author":1,"featured_media":0,"parent":0,"menu_order":0,"comment_status":"closed","ping_status":"closed","template":"","meta":{"footnotes":""},"class_list":["post-6","page","type-page","status-publish","hentry"],"_links":{"self":[{"href":"https:\/\/docblume.de\/index.php?rest_route=\/wp\/v2\/pages\/6","targetHints":{"allow":["GET"]}}],"collection":[{"href":"https:\/\/docblume.de\/index.php?rest_route=\/wp\/v2\/pages"}],"about":[{"href":"https:\/\/docblume.de\/index.php?rest_route=\/wp\/v2\/types\/page"}],"author":[{"embeddable":true,"href":"https:\/\/docblume.de\/index.php?rest_route=\/wp\/v2\/users\/1"}],"replies":[{"embeddable":true,"href":"https:\/\/docblume.de\/index.php?rest_route=%2Fwp%2Fv2%2Fcomments&post=6"}],"version-history":[{"count":20,"href":"https:\/\/docblume.de\/index.php?rest_route=\/wp\/v2\/pages\/6\/revisions"}],"predecessor-version":[{"id":592,"href":"https:\/\/docblume.de\/index.php?rest_route=\/wp\/v2\/pages\/6\/revisions\/592"}],"wp:attachment":[{"href":"https:\/\/docblume.de\/index.php?rest_route=%2Fwp%2Fv2%2Fmedia&parent=6"}],"curies":[{"name":"wp","href":"https:\/\/api.w.org\/{rel}","templated":true}]}}